) = d**2 + 4*d + 1. Let u(r) = -11*f(r) - 4*g(r). What is the units digit of u(5)?
6
Let y = 4 - -2. What is the units digit of 40/6 - y/9?
6
Suppose s = 4 + 1. Suppose -44 = -m - m - 4*r, -4*r - 40 = -s*m. What is the units digit of m?
2
What is the units digit of ((-84)/36)/((-2)/78)?
1
Suppose 0 = -3*d + 5*t - 105 + 572, 0 = 4*d - 3*t - 608. What is the units digit of d?
9
Let m be (-1576)/(-36) - 2/(-9). Suppose 6*d = 3*d + 15. Suppose -g + d*g - m = 0. What is the tens digit of g?
1
Let r = -6 - -119. What is the hundreds digit of r?
1
Let c(t) = t. Let n be c(4). Suppose 5*m + n = -1, -2*m = 2*s. What is the units digit of s?
1
What is the tens digit of 12/6 - (-50)/2?
2
Let z = -49 + -10. Let v = -31 - z. What is the units digit of v?
8
Let p = -22 + 35. Let z = p - -5. What is the units digit of z?
8
Let x = 0 - -1. Suppose 0 = -5*z + 3*i + 12, -2*i - 5 = -2*z - x. What is the units digit of z?
3
Let g(h) = 7*h + 2. Let q be (-3)/(-18) + (-46)/(-12). What is the tens digit of g(q)?
3
Let n(o) = -o**3 - 6*o**2 - 4*o + 3. Let i be n(-5). Let g(u) = 2*u**2 - u. What is the units digit of g(i)?
0
Let h be -1 - 0 - 2/(-2). Suppose -3*m + 5 = -2*m + 3*z, h = -5*m + z + 9. Suppose 6*s - m*s - 28 = 0. What is the units digit of s?
7
Suppose 2*q = 21 - 1. Suppose 0 - q = -u. What is the units digit of u?
0
Suppose -3*b + 2*c = 2*b + 105, -2*b - 42 = 5*c. Let g = 29 + b. What is the units digit of g?
8
Let f = -92 - -172. What is the tens digit of f?
8
Let r(p) = -p**2 - p + 2. Let x be (-4)/8 - (-18)/(-4). Let z = -5 - x. What is the units digit of r(z)?
2
What is the units digit of (-3 - -1)*(-2 + 1/2)?
3
Suppose 0 = 3*t - 37 - 194. What is the tens digit of t?
7
Let r = 0 + 0. Suppose 0*c - 3*c + 9 = r. Suppose -4*h + h = -c. What is the units digit of h?
1
Let p be (-1 - 3)*9/12. Let x = p + 6. Suppose 2*d + 3*d + 2 = -x*z, -2*d = 4*z + 12. What is the units digit of d?
2
Suppose -4*o = 2*d + 1 - 3, -5*d = 5. Let h be ((-8)/20)/(o/(-10)). What is the units digit of 140/25 + h/10?
6
Let x(l) = 5 - 5 - 3 + 2*l. What is the tens digit of x(7)?
1
Suppose -40 = 2*g - 4. Let f = 23 + g. What is the units digit of f?
5
Suppose -5*y = -10, b = -3*b - 3*y + 110. What is the tens digit of b?
2
Let q = 3 - -2. Suppose v = 5*t - 16, -q*t + 2*t + 14 = -5*v. Suppose -12 = -t*f + 6. What is the units digit of f?
6
Suppose -5*d + 171 = -d + r, -5*d + r = -216. What is the tens digit of d?
4
Let r(k) = k. Suppose 0 = -0*d + 4*d - 20. Let g be r(d). Suppose g*s - 6 = 3*s. What is the units digit of s?
3
Suppose 3*b + 4 = 31. What is the units digit of (-1)/b*-3*3?
1
Let o = -28 + 14. Let p = o - -40. What is the units digit of p?
6
Suppose -21 - 38 = -y. What is the units digit of y?
9
Let x = 19 + 12. What is the units digit of x?
1
Let n = 4 + 0. Suppose n*p = 2*p + 42. What is the units digit of p?
1
Let q = -2 + 6. Suppose -4*z - 16 = -q. Let a(d) = -4*d + 3. What is the tens digit of a(z)?
1
Let p = 18 + -14. Suppose 4*c - p*g - 160 = 0, 3*g = 5*c + g - 215. What is the tens digit of c?
4
Let x be 0/(3/1 + -2). Let o(k) = k + 2. What is the units digit of o(x)?
2
Let h(z) = z**3 - 12*z**2 + 8*z - 8. Let f be h(12). Suppose 5*i - f = -2*a, 4*i - 5 = -a + 36. What is the units digit of a?
9
Suppose -2*s = s. Suppose s = -3*y - y - 16. What is the units digit of (-7)/4*1*y?
7
Let q(c) = 204*c**3 + c**2 + c - 1. What is the tens digit of q(1)?
0
What is the hundreds digit of (-2)/4 - 6069/(-42)?
1
Let a(c) = -c**2 + 10*c - 5. Let f be (0 + 2)/((-2)/(-9)). Let i be a(f). Suppose 5*w + 2 = -i*x + 14, -w = 2*x - 6. What is the units digit of x?
3
Let c = 5 - 3. Suppose -c*z = 3*z - 95. What is the units digit of z?
9
Suppose -c + 2 = c. What is the units digit of c?
1
Suppose b + 193 = 3*q, -4*q - 5*b + 251 = -0*b. Let h = -36 + q. What is the tens digit of h?
2
Suppose -6*d = -2*d + 2*u - 36, -4*d = -3*u - 56. Let g = 18 - d. What is the units digit of g?
7
Let c be 2 + 1 + 72 + -3. Suppose 5*j - c + 17 = 0. What is the units digit of j?
1
Let d be (-98)/70*(1 - 6). Suppose -d*s = -3*s + 5*g - 140, -g + 116 = 3*s. What is the tens digit of s?
4
Let s(w) = -w. Let c be s(-2). What is the units digit of 183/6 + (-1)/c?
0
Suppose 5*q = 5*a - 4*a + 675, -3*a + 135 = q. What is the hundreds digit of q?
1
Let i(x) = 2*x + 3*x + 12 - 4*x - 1. What is the units digit of i(13)?
4
Let s(c) = c**2 + c + 2. Let k(h) = -h**3 + 8*h**2 + 2. Let y be k(8). Let g be 3/(0 - 3/y). What is the units digit of s(g)?
4
Let m = -126 - -222. What is the units digit of m?
6
Suppose -131 - 439 = -5*u. What is the hundreds digit of u?
1
Let c = 13 + -7. What is the units digit of (-18)/(-10)*20/c?
6
Let i(y) be the third derivative of -y**4/24 + y**2. Let s be i(-4). Suppose -a - 18 = -s*a. What is the units digit of a?
6
Let j = -10 - -18. Suppose j*v - 3*v - 20 = 0. What is the units digit of v?
4
Let d = 4 + 50. Suppose 4*u - g - d = 0, 3*u + 3*g + 50 = 7*u. What is the tens digit of u?
1
Suppose -9*n + 11*n = 396. What is the tens digit of n?
9
Let i be 1*(1 - (2 + 0)). Let b be (i/(-2))/((-1)/(-2)). What is the units digit of 2 - (1 + (b - 1))?
1
Suppose 0 = 8*m - 5*m - 12. Suppose 0 = -2*b - h + 88, -5*b - m*h + 76 = -3*b. What is the units digit of b?
6
Let r be 3/9 + (-8)/(-3). Suppose 3*j - 4*x + 0 = 2, 2*j - r = x. Suppose w - 7 = -5*g, 0*w - w + j*g = 0. What is the units digit of w?
2
Let u = -4 + 2. Let a = u - -13. Suppose 5*k + 0*n = 2*n + a, 4*k = 4*n + 16. What is the units digit of k?
1
Let s = 29 + 3. Let p = -22 + s. What is the units digit of (-24)/p*30/(-9)?
8
Suppose z = -2*z - 9. What is the units digit of (-1 - (-11 + 1)) + z?
6
What is the tens digit of (5/(-10))/((-1)/168)?
8
Let o(r) be the third derivative of -r**5/60 + 7*r**4/12 - 2*r**3 - 9*r**2. What is the tens digit of o(12)?
1
Suppose 0 = 3*o - 361 + 106. What is the tens digit of o?
8
Let l be (-2)/(-6) - 72/(-27). What is the tens digit of l - 1/(1/(-16))?
1
Suppose -4*s - 90 = s. Let k = -4 - s. What is the units digit of k?
4
Let c(r) = r**2 - r - 2. Let i be c(-2). Suppose 9*x = i*x + 50. What is the tens digit of x?
1
Suppose -w - 2*s = -13, -w + 20 + 8 = 5*s. Suppose -c + 13 - 50 = -3*p, -5*c = w*p - 67. Suppose -2 = 3*a - p. What is the units digit of a?
4
Suppose -c - c + 6 = 0. What is the tens digit of (-2)/c + 236/12?
1
What is the tens digit of 19 - (-20)/(-30)*18/(-4)?
2
Suppose -2*p - 4*q = -42, 4*q = -0*p - 5*p + 87. Let n = 31 - p. What is the units digit of n?
6
Let a = -2 - -5. Suppose -a*n - 2 - 1 = 0. What is the units digit of (n/(-1))/(1/4)?
4
Let y(q) = -q**2 - 11*q + 5. Let c(j) = j**3 + j**2 - 4*j - 4. Let l be c(-3). What is the tens digit of y(l)?
1
Suppose -4*c + 8 = -5*c. Let q be (c + -2)*2/(-4). Suppose 55 = 5*g + 5*a, -50 = -q*g - a - 3*a. What is the units digit of g?
6
Suppose -3*m + 2*m + 6 = 0. Suppose m*y = 3*y + 12. What is the units digit of y?
4
Suppose 3*r - 13 = 5. Let o(f) = 3*f - 2. What is the units digit of o(r)?
6
Let i(r) = -r + 4. Let c be i(4). Suppose 2 = 2*h - 2*k - c*k, 1 = 5*h - k. Suppose -18 = -h*u - 3*u - 4*q, 0 = -4*u - 5*q + 23. What is the units digit of u?
2
Suppose -5*x = -3*t + 5, 5 = -x + 3*t - 8. What is the units digit of (1/x)/((-4)/(-224))?
8
Let r(p) = p + 1. Let y be r(2). Let c(l) = 0*l**3 - l**y + 2*l**3 - 6*l**2 + 6 + 6*l. What is the units digit of c(5)?
1
Let v(l) = -l**3 - 2*l**2 + l. Let q be v(-3). Let f = q - 6. Suppose -u = -1, -t + 2*t - 3*u - 10 = f. What is the tens digit of t?
1
Suppose -5*j - 4*a + 121 - 28 = 0, -j - 4*a = -25. Suppose 2*x - j = x. What is the units digit of x?
7
Let v(a) = -a**2 + 6*a. Let c be v(5). Suppose c*q = -0*q. Suppose -b - b + 6 = q. What is the units digit of b?
3
Let y(t) = -t**3 + 3*t**2 - t - 2. Let b be y(2). Suppose 5*n + 36 - 161 = b. What is the units digit of -1 - -1 - n/(-5)?
5
Suppose 0 = 2*t - 0 - 16. What is the units digit of t?
8
Suppose 3*a = 3*w + 17 - 8, w = -3*a + 17. Let f = a - -7. What is the units digit of f?
2
Let f(h) = 25*h + 18. What is the units digit of f(3)?
3
Suppose -15 = -v - 2*v. Suppose -v*x + 0*x = -160. Suppose t + p - 13 = 10, 0 = -2*t + 5*p + x. What is the units digit of t?
1
Let v(s) = 19*s**2 + 10*s - 8. What is the hundreds digit of v(3)?
1
Sup